+ 4*x + 15. What is w(5)?
10
Let k(n) = -2*n + 5. Calculate k(-5).
15
Let w(r) = -r**3 - 10*r**2 - 18*r + 13. Give w(-8).
29
Let f(x) = -x + 9. Determine f(-7).
16
Let m(c) = -c**3 - 12*c**2 - 9*c + 9. Give m(-11).
-13
Let m(w) = w**3 + 17*w**2 - 3*w - 3. Calculate m(-17).
48
Let w(g) = -g**2 + 13*g - 13. Give w(17).
-81
Let t(g) = -2*g**2 + 2*g - 2. Calculate t(2).
-6
Let v(j) = 11*j + 248. Give v(-23).
-5
Let p(f) = 3*f**2 - 11*f + 20. Give p(2).
10
Let o(f) = -f**3 + f**2 + 5*f - 11. What is o(2)?
-5
Let j(r) = -r**3 - 16*r**2 - 14*r + 13. Calculate j(-15).
-2
Let l(k) = 3*k - 1. Give l(-2).
-7
Let i(t) = t**2 + 10*t. Calculate i(-8).
-16
Let g(y) = -23*y - 110. Give g(-5).
5
Let z(o) = 3*o**2 + 2*o - 1. Give z(-3).
20
Let a(g) = -g**2 + 9*g - 28. Give a(8).
-20
Let s(h) = -h**2 + 18*h - 54. Determine s(14).
2
Let r(z) = z**2 - 21*z + 101. Determine r(8).
-3
Let u(l) = 2*l**2 - 22*l + 47. Give u(9).
11
Let x(g) = 5*g**3 + g**2. Calculate x(-1).
-4
Let q(w) = 9*w + 76. Give q(-15).
-59
Let l(a) = a**3 + 6*a**2 - 3*a - 4. Determine l(-6).
14
Let p(l) = -l**3 + 14*l**2 + 14*l - 4. Give p(14).
192
Let v(m) = -7*m + 135. Give v(18).
9
Let f(b) = b**3 + 5*b**2 + 6*b + 6. Calculate f(-4).
-2
Let t(q) = q**3 - 3*q**2 + 3*q - 5. Give t(4).
23
Let b(t) = 6*t - 28. What is b(7)?
14
Let n(m) = m**3 - 2*m**2 - 4*m - 1. Calculate n(3).
-4
Let q(f) = -2*f - 25. Give q(-12).
-1
Let m(h) = h**3 + 8*h**2 + 12*h + 43. Calculate m(-7).
8
Let p(s) = s**3 + 8*s**2 + 3*s + 7. Determine p(-8).
-17
Let a(t) = t**2 - 17*t + 3. Determine a(15).
-27
Let r(n) = n**3 + n**2 + 8. Determine r(0).
8
Let z(y) = 17*y**3 + 4*y**2 - y - 2. Calculate z(1).
18
Let f(r) = 2*r**2 - 54*r - 123. Calculate f(29).
-7
Let f(j) = -j**2 - 4*j + 3. Determine f(-3).
6
Let q(b) = 74*b + 146. Give q(-2).
-2
Let z(p) = p**2 - 12*p - 2. Determine z(9).
-29
Let y(z) = -3*z. Give y(-7).
21
Let i(g) = -2*g**3 + g**2 + 2*g - 1. Give i(-2).
15
Let l(s) = s**3 + 65*s**2 - 202*s + 128. Determine l(-68).
-8
Let s(c) = -c + 5. Determine s(9).
-4
Let s(n) = -2*n**2 - 32*n - 25. What is s(-14)?
31
Let i(l) = 6*l + 1. Calculate i(2).
13
Let c(a) = a**3 - 35*a**2 - a + 40. Calculate c(35).
5
Let z(d) = -51*d + 512. Calculate z(10).
2
Let y(n) = -7*n**2 + 3*n - 4. Calculate y(2).
-26
Let m(f) = -f**2 - 7*f + 20. Give m(-8).
12
Let u(g) = -7*g**3 + 3*g**2 + 2*g - 4. Give u(-3).
206
Let c(q) = -q**3 + 4*q**2 - 8*q. Calculate c(4).
-32
Let p(c) = -3*c**2 + 16*c - 10. Give p(4).
6
Let o(i) = -i**2 + 46. Give o(0).
46
Let z(v) = -v**2 + 10*v - 5. Calculate z(8).
11
Let w(p) = 3*p**2 - 6*p - 51. Calculate w(5).
-6
Let d(s) = 3*s - 11. Give d(-13).
-50
Let b(f) = 5*f - 23. Determine b(6).
7
Let j(h) = h**3 + 6*h**2 + 8. Calculate j(-7).
-41
Let z(b) = b**3 + 5*b**2 + 11*b + 12. What is z(-3)?
-3
Let u(z) = z**2 + 109*z - 331. Give u(3).
5
Let d(x) = x**3 - 13*x**2 - 10*x - 19. Determine d(14).
37
Let j(a) = -67*a**2 - 2*a - 2. Determine j(-1).
-67
Let x(k) = -2*k**2 - 29*k + 10. Give x(-15).
-5
Let r(q) = -3*q - 38. Calculate r(-10).
-8
Let s(m) = -m**2 - 7*m - 10. Give s(-6).
-4
Let i(y) = -2*y + 7. What is i(-6)?
19
Let t(p) = -p**2 - 18*p - 50. Give t(-4).
6
Let y(n) = 33*n**3 + 2*n**2 - 1. Give y(1).
34
Let k(x) = -2*x**3 + x**2 - 5*x + 12. Calculate k(2).
-10
Let u(p) = 2*p**2 - 43*p - 63. What is u(23)?
6
Let b(d) = -30*d + 452. Determine b(15).
2
Let a(g) = g**2 + 3*g - 4. Determine a(-5).
6
Let k(o) = 2*o**2 - 14*o - 6. Calculate k(7).
-6
Let p(k) = -k**2 - 2*k - 4. Calculate p(-3).
-7
Let i(j) = -2*j**2 - 8*j + 1. Give i(-5).
-9
Let q(i) = 36*i + 1. Determine q(-1).
-35
Let n(x) = -x**3 + 11*x**2 - 23*x + 45. Determine n(9).
0
Let s(i) = -i**2 - 4*i + 6. What is s(-3)?
9
Let h(k) = 2*k + 15. Determine h(-7).
1
Let g(f) = -f + 47. Calculate g(30).
17
Let b(w) = w**3 - 6*w**2 - w - 3. What is b(6)?
-9
Let u(z) = -z**3 - 36*z**2 + 29*z - 289. Determine u(-37).
7
Let f(h) = -9*h - 6. Calculate f(0).
-6
Let a(m) = -2*m**2 - 2*m + 10. What is a(0)?
10
Let u(a) = 3*a**2 - 22*a - 5. What is u(6)?
-29
Let s(a) = 6*a**2 - 3*a - 1. Give s(2).
17
Let x(t) = -t + 6. Determine x(-6).
12
Let d(g) = -13*g + 69. What is d(5)?
4
Let f(l) = l**2 + 9*l - 1. What is f(-7)?
-15
Let k(i) = 2*i - 2. Determine k(-1).
-4
Let q(o) = 5*o - 60. Calculate q(10).
-10
Let r(j) = -2*j**2 - 13*j - 16. What is r(-4)?
4
Let u(x) = -x**3 + x**2 + 2*x - 6. Calculate u(2).
-6
Let v(z) = 4*z + 10. Calculate v(7).
38
Let j(p) = p**2 + 11*p + 6. Determine j(-11).
6
Let n(w) = -w**2 - 12*w + 3. Give n(-10).
23
Let j(h) = 5*h - 15. Determine j(2).
-5
Let i(k) = -k**2 + 2*k + 4. Give i(-3).
-11
Let t(d) = -5*d**2 - d - 1. Calculate t(-3).
-43
Let s(l) = l**3 + 22*l**2 + 16*l - 100. Calculate s(-21).
5
Let l(v) = -2*v**2 + 12*v + 8. What is l(8)?
-24
Let i(f) = f**3 + 19*f**2 - 4*f - 46. What is i(-19)?
30
Let c(h) = -6*h - 12. Calculate c(-7).
30
Let d(s) = s**3 - 92*s**2 - 90*s - 277. Give d(93).
2
Let q(a) = -a**3 + 13*a**2 - 11. Calculate q(13).
-11
Let u(j) = 19*j - 24. Determine u(0).
-24
Let s(g) = g**3 + 2*g**2 + 3*g - 36. What is s(0)?
-36
Let u(c) = -4*c + 24. Calculate u(6).
0
Let k(j) = -j**2 + j + 2. Determine k(-3).
-10
Let c(o) = o**3 - 12*o**2 - 11*o - 21. Calculate c(13).
5
Let l(m) = 3*m - 3. Give l(-6).
-21
Let f(v) = -v - 25. Calculate f(11).
-36
Let r(j) = -2*j**2 - 2*j + 8. What is r(-3)?
-4
Let w(k) = k + 17. Determine w(-23).
-6
Let b(g) = g**2 + 13*g + 25. What is b(-11)?
3
Let h(m) = 3*m**2 + 147*m - 5. What is h(-49)?
-5
Let m(t) = 35*t + 3. Calculate m(2).
73
Let i(r) = r**2 - 2*r - 4. Give i(6).
20
Let j(t) = -72*t - 6. Determine j(0).
-6
Let q(z) = -z + 32. What is q(19)?
13
Let d(v) = 9*v**3 - 2*v**2 - v. Determine d(-1).
-10
Let t(m) = -m**2 + 21*m - 27. What is t(20)?
-7
Let w(c) = 3*c + 6. Determine w(2).
12
Let r(q) = -q**2 + 15*q + 50. Determine r(17).
16
Let a(t) = 5*t + 1. Give a(4).
21
Let i(k) = -2*k**2 + 27*k + 57. Give i(-2).
-5
Let l(p) = 2*p**2 + 14*p - 18. What is l(-8)?
-2
Let y(w) = w**2 + 2*w + 8. Calculate y(0).
8
Let z(g) = -2*g**2 - 4*g - 2. What is z(-2)?
-2
Let l(i) = i**2 + 6*i + 3. Determine l(-6).
3
Let c(b) = b**3 + 8*b**2 - 3*b - 9. Give c(-8).
15
Let l(o) = 4*o**2 + 26*o - 1. Determine l(-7).
13
Let t(k) = k**3 + 7*k**2 + 14*k + 8. What is t(-4)?
0
Let f(q) = -28*q**3 + q**2. Calculate f(1).
-27
Let h(v) = -3*v**2 + 5*v + 16. Give h(3).
4
Let u(h) = 21*h - 4. What is u(1)?
17
Let t(p) = 100*p + 2. Calculate t(0).
2
Let i(j) = -j**2 - 4*j - 7. Determine i(-4).
-7
Let o(v) = -2*v**2 - 3*v - 1. Calculate o(-2).
-3
Let w(l) = -2*l + 34. Calculate w(13).
8
Let c(x) = 2*x. Calculate c(-6).
-12
Let z(x) = x**2 + 12*x - 1. Give z(-4).
-33
Let z(o) = -38*o - 35. Give z(-1).
3
Let s(r) = -2*r - 47. Give s(-19).
-9
Let a(v) = 10*v + 52. Determine a(-6).
-8
Let o(d) = -12*d**3 - d + 1. Give o(1).
-12
Let r(o) = -o**2 - 7*o - 7. Determine r(-3).
5
Let s(g) = -g**2 - 7. What is s(-4)?
-23
Let b(j) = 2*j - 75. Calculate b(0).
-75
Let k(j) = -j**2 + 14*j + 32. Determine k(16).
0
Let d(q) = q**3 + 7*q**2 - 8*q + 5. Calculate d(-8).
5
Let a(h) = -h + 2. Determine a(4).
-2
Let f(u) = u**3 - 8*u**2 + 12*u + 7. Calculate f(4).
-9
Let d(f) = -66*f + 61. What is d(1)?
-5
Let p(u) = -35*u + 31. Give p(1).
-4
Let a(u) = -3*u**2 - 32*u + 9. Calculate a(-11).
-2
Let f(a) = -4*a**2 + 5*a + 33. What is f(-4)?
-51
Let p(i) = 3*i + 61. Give p(-14).
19
Let i(d) = -5*d**3 + d**2 - 2*d - 3. Determine i(-1).
5
Let t(z) = -z**3 - 12*z**2 - z - 17. Calculate t(-12).
-5
Let n(u) = -15*u + 50. What is n(3)?
5
Let q(i) = -i**3 - 7*i**2 + 4*i - 17. Give q(-9).
109
Let v(b) = -b**2 - 11*b + 17. Give v(-12).
5
Let f(l) = l**2 + 1. What is f(-5)?
26
Let i(w) = 12*w + 8. Calculate i(-1).
-4
Let m(q) = -3*q**2 + 27*q - 8. What is m(8)?
16
Let w(p) = -p**2 + 22*p + 12. Give w(23).
-11
Let j(b) = -2*b**2 + 2*b - 3. Determine j(3).
-15
Let o(j) = -41*j - 148. Determine o(-4).
16
Let x(d) = -d**3 + 8*d**2 - 4*d - 11. Calculate x(8).
-43
Let m(c) = c**3 - 11*c**2 + 4*c + 6. Determine m(10).
-54
Let n(o) = -o**3 + 6*o**2 + 6*o - 5. Calculate n(7).
-12
Let o(z) = z**3 + 16*z**2 - 3*z - 50. Give o(-16).
-2
Let s(v) = 12*v - 35. What is s(-4)?
-83
Let z(s) = -s**2 + 26*s - 59. Give z(13).
110
Let o(y) = y**2 - 5*y + 3. Calculate o(4).
-1
Let